{"id":9619,"date":"2014-02-03T14:31:59","date_gmt":"2014-02-03T14:31:59","guid":{"rendered":"http:\/\/demo.qodeinteractive.com\/bridge\/?page_id=9619"},"modified":"2023-05-23T21:01:25","modified_gmt":"2023-05-23T19:01:25","slug":"our-team","status":"publish","type":"page","link":"https:\/\/reitschuler.de\/?page_id=9619","title":{"rendered":"\u00dcber mich"},"content":{"rendered":"<p>[vc_row css_animation=&#8220;&#8220; row_type=&#8220;row&#8220; use_row_as_full_screen_section=&#8220;no&#8220; type=&#8220;grid&#8220; angled_section=&#8220;no&#8220; text_align=&#8220;left&#8220; background_image_as_pattern=&#8220;without_pattern&#8220; border_color=&#8220;#eaeaea&#8220; padding_top=&#8220;36&#8243; padding_bottom=&#8220;24&#8243;][vc_column][vc_column_text]<\/p>\n<h2 style=\"text-align: center;\">Cornelia Reitschuler<\/h2>\n<p>[\/vc_column_text][vc_column_text]<\/p>\n<h5 style=\"text-align: center;\">Osteopathin &#8211; Physiotherapeutin &#8211; Pilates Trainerin &#8211; Heilpraktikerin<\/h5>\n<p>[\/vc_column_text][vc_separator type=&#8220;small&#8220; position=&#8220;center&#8220; color=&#8220;#000000&#8243; up=&#8220;50&#8243; down=&#8220;50&#8243;][vc_row_inner row_type=&#8220;row&#8220; type=&#8220;full_width&#8220; text_align=&#8220;left&#8220; css_animation=&#8220;&#8220;][vc_column_inner width=&#8220;1\/2&#8243;]<div class='q_team'><div class='q_team_inner'><div class='q_team_image'><img itemprop='image' src='https:\/\/reitschuler.www5.webhosting-account.com\/wordpress\/wp-content\/uploads\/2014\/02\/headshot.jpg' alt='headshot' \/><\/div><div class='q_team_text' ><div class='q_team_text_inner'><div class='q_team_title_holder'><h3 class='q_team_name' style = ''>Cornelia Reitschuler<\/h3><\/div><\/div><div class='q_team_social_holder'><\/div><\/div><\/div><\/div>[vc_empty_space height=&#8220;44px&#8220;][\/vc_column_inner][vc_column_inner width=&#8220;1\/2&#8243;][vc_column_text]Nach langj\u00e4hriger Berufserfahrung in verschiedenen Praxen und Rehazentren f\u00fcr Physiotherapie und Osteopathie in M\u00fcnchen, bin ich seit mehr als zehn Jahren freiberuflich als Osteopathin t\u00e4tig.<\/p>\n<p>[vc_separator type=&#8217;small&#8216; position=&#8217;center&#8216; color=&#8217;#000000&#8242; thickness=&#8220; up=&#8220; down=&#8220;]<\/p>\n<p>Physiotherapeutische Fortbildungen wie Bobath, Manuelle Therapie, und Lymphdrainage geh\u00f6ren zu meinem Repertoire.<\/p>\n<p>[vc_separator type=&#8217;small&#8216; position=&#8217;center&#8216; color=&#8217;#000000&#8242; thickness=&#8220; up=&#8220; down=&#8220;]<\/p>\n<p>Folgende Fortbildungen absolvierte ich in den vergangenen Jahren:<\/p>\n<ul>\n<li>Fachberater f\u00fcr Hormone und Ern\u00e4hrung <em>(Kerstin Lerchl, 2023)<\/em><\/li>\n<li>Symptome und Diagnostik der Craniomandibul\u00e4ren Dysfunktion <em>(Dorothea Prodinger-Gl\u00f6ckl, 2020)<\/em><\/li>\n<li>Beeinflussung der Hirnareale in der Osteopathie bei CMD-Problematik <em>(Dorothea Prodinger-Gl\u00f6ckl, 2019)<\/em><\/li>\n<li>Osteopathische Ans\u00e4tze bei Lernschwierigkeiten und Konzentrationsst\u00f6rungen <em>(Ren\u00e9 Zweedijk, 2019)<\/em><\/li>\n<li>&#8222;Babyn\u00f6te verstehen und osteopathisch behandeln&#8220; <em>(Karin Ritter, 2018)<\/em><\/li>\n<\/ul>\n<p>[vc_separator type=&#8217;small&#8216; position=&#8217;center&#8216; color=&#8217;#000000&#8242; thickness=&#8220; up=&#8220; down=&#8220;]<\/p>\n<p>Im November 2015 trat ich dem Verband <a href=\"http:\/\/www.hpo-osteopathie.de\/\">&#8222;Berufsvereinigung<\/a><\/p>\n<p><a href=\"http:\/\/www.hpo-osteopathie.de\/\"> f\u00fcr heilkundlich praktizierte Osteopathie e.V. (hpO)&#8220;<\/a> bei.<\/p>\n<p>[vc_separator type=&#8217;small&#8216; position=&#8217;center&#8216; color=&#8217;#000000&#8242; thickness=&#8220; up=&#8220; down=&#8220;]<\/p>\n<p>Anfang 2014 absolvierte ich die Pr\u00fcfung zum Heilpraktiker.<\/p>\n<p>[vc_separator type=&#8217;small&#8216; position=&#8217;center&#8216; color=&#8217;#000000&#8242; thickness=&#8220; up=&#8220; down=&#8220;]<\/p>\n<p>Mein abgeschlossenes 5-j\u00e4hriges Studium der Osteopathie absolvierte\u00a0ich an der internationalen Akademie der Osteopathie (I.A.O.) Gent.<\/p>\n<p>[vc_separator type=&#8217;small&#8216; position=&#8217;center&#8216; color=&#8217;#000000&#8242; thickness=&#8220; up=&#8220; down=&#8220;]<\/p>\n<p>W\u00e4hrend meines dreij\u00e4hrigen Aufenthaltes in Kalifornien absolvierte ich die Ausbildung zum &#8222;Certified Pilates Instructor&#8222; bei <a href=\"http:\/\/www.pilatesanytime.com\/instructor-bio\/56\/Tom-McCook-Pilates-Teacher\">Tom McCook <\/a>an der Balanced Body University in Mountain View, CA (USA).<\/p>\n<p>[vc_separator type=&#8217;small&#8216; position=&#8217;center&#8216; color=&#8217;#000000&#8242; thickness=&#8220; up=&#8220; down=&#8220;]<\/p>\n<p>Des Weiteren schloss\u00a0ich 2008 die <a title=\"Personal Trainer\" href=\"http:\/\/www.acefitness.org\/\" target=\"_blank\" rel=\"noopener\">ACE <\/a>Personal Trainer Ausbildung ab.<\/p>\n<p>[vc_separator type=&#8217;small&#8216; position=&#8217;center&#8216; color=&#8217;#000000&#8242; thickness=&#8220; up=&#8220; down=&#8220;]<\/p>\n<p>Meine Ausbildung zur staatlich gepr\u00fcften Physiotherapeutin schloss ich im Jahr 2002 \u00a0ab.[\/vc_column_text][\/vc_column_inner][\/vc_row_inner][\/vc_column][\/vc_row][vc_row css_animation=&#8220;&#8220; row_type=&#8220;row&#8220; use_row_as_full_screen_section=&#8220;no&#8220; type=&#8220;full_width&#8220; angled_section=&#8220;no&#8220; text_align=&#8220;left&#8220; background_image_as_pattern=&#8220;without_pattern&#8220;][vc_column][vc_column_text]<\/p>\n<h2 style=\"text-align: center;\">PRAXISFOTOS<\/h2>\n<p>[\/vc_column_text][vc_separator type=&#8220;small&#8220; position=&#8220;center&#8220; up=&#8220;7&#8243; down=&#8220;45&#8243;][vc_gallery type=&#8220;image_grid&#8220; images=&#8220;16614,16615,16612,16611,16608,16606,16604,16610&#8243; img_size=&#8220;600&#215;600&#8243; column_number=&#8220;4&#8243; grayscale=&#8220;no&#8220; images_space=&#8220;gallery_without_space&#8220;][\/vc_column][\/vc_row]<\/p>\n","protected":false},"excerpt":{"rendered":"<p>[vc_row css_animation=&#8220;&#8220; row_type=&#8220;row&#8220; use_row_as_full_screen_section=&#8220;no&#8220; type=&#8220;grid&#8220; angled_section=&#8220;no&#8220; text_align=&#8220;left&#8220; background_image_as_pattern=&#8220;without_pattern&#8220; border_color=&#8220;#eaeaea&#8220; padding_top=&#8220;36&#8243; padding_bottom=&#8220;24&#8243;][vc_column][vc_column_text] Cornelia Reitschuler [\/vc_column_text][vc_column_text] Osteopathin &#8211; Physiotherapeutin &#8211; Pilates Trainerin &#8211; Heilpraktikerin [\/vc_column_text][vc_separator type=&#8220;small&#8220; position=&#8220;center&#8220; color=&#8220;#000000&#8243; up=&#8220;50&#8243; down=&#8220;50&#8243;][vc_row_inner row_type=&#8220;row&#8220; type=&#8220;full_width&#8220; text_align=&#8220;left&#8220; css_animation=&#8220;&#8220;][vc_column_inner width=&#8220;1\/2&#8243;][vc_empty_space height=&#8220;44px&#8220;][\/vc_column_inner][vc_column_inner width=&#8220;1\/2&#8243;][vc_column_text]Nach langj\u00e4hriger Berufserfahrung in verschiedenen Praxen und Rehazentren f\u00fcr Physiotherapie und&#8230;<\/p>\n","protected":false},"author":1,"featured_media":0,"parent":0,"menu_order":0,"comment_status":"closed","ping_status":"closed","template":"full_width.php","meta":{"footnotes":""},"class_list":["post-9619","page","type-page","status-publish","hentry"],"_links":{"self":[{"href":"https:\/\/reitschuler.de\/index.php?rest_route=\/wp\/v2\/pages\/9619","targetHints":{"allow":["GET"]}}],"collection":[{"href":"https:\/\/reitschuler.de\/index.php?rest_route=\/wp\/v2\/pages"}],"about":[{"href":"https:\/\/reitschuler.de\/index.php?rest_route=\/wp\/v2\/types\/page"}],"author":[{"embeddable":true,"href":"https:\/\/reitschuler.de\/index.php?rest_route=\/wp\/v2\/users\/1"}],"replies":[{"embeddable":true,"href":"https:\/\/reitschuler.de\/index.php?rest_route=%2Fwp%2Fv2%2Fcomments&post=9619"}],"version-history":[{"count":67,"href":"https:\/\/reitschuler.de\/index.php?rest_route=\/wp\/v2\/pages\/9619\/revisions"}],"predecessor-version":[{"id":16698,"href":"https:\/\/reitschuler.de\/index.php?rest_route=\/wp\/v2\/pages\/9619\/revisions\/16698"}],"wp:attachment":[{"href":"https:\/\/reitschuler.de\/index.php?rest_route=%2Fwp%2Fv2%2Fmedia&parent=9619"}],"curies":[{"name":"wp","href":"https:\/\/api.w.org\/{rel}","templated":true}]}}